). What is the greatest common divisor of q and 1?
1
Let u be -7*(-4)/(-40)*-5*8. Let v(b) = -2 + 4 + 2*b**3 + 7*b**3 - 2*b. Let f be v(2). What is the highest common divisor of u and f?
14
Let v be (-3429)/18*(-70)/15. Calculate the greatest common factor of v and 7.
7
Let s(h) = -h**3 + 5*h**2 + 2*h + 7. Let c be s(5). Let n = 13 + 72. Suppose -2*a = 3*a - n. What is the highest common factor of c and a?
17
Suppose 36*a + 5*a - 15990 = 0. Calculate the highest common factor of 30 and a.
30
Let z(d) be the second derivative of 1/20*d**5 - 1/6*d**4 + 4*d + 2*d**2 + 0 - d**3. Let m be z(4). Calculate the greatest common divisor of 60 and m.
12
Let d = -84 - -132. Let w = d + -32. Calculate the greatest common divisor of 4 and w.
4
Let v(g) = g - 4. Let h be v(8). Suppose 2*o + 0*m = -3*m + 1, h*o - 2*m - 10 = 0. Calculate the highest common divisor of 3 and o.
1
Let b(j) = 88*j - 3. Let r be b(2). Suppose -5*z + 177 = -r. Calculate the greatest common divisor of 175 and z.
35
Let q(m) = -m**2 - 2*m + 1. Let v be q(-2). Let i be 2/6 - (-320)/(-15). Let u be (-6)/42 - 192/i. Calculate the greatest common divisor of v and u.
1
Suppose -182 = -3*x - 74. Suppose 5*l - x = 2*l. Let z(d) = -d**3 - 15*d**2 - d - 9. Let q be z(-15). Calculate the highest common divisor of l and q.
6
Let x(p) = p**3 - 11*p**2 + 5*p - 28. Let u be x(11). Calculate the highest common divisor of 3 and u.
3
Let o(f) = -f**2 + 5*f + 22. Let g = -3 + 3. Let y be o(g). Calculate the highest common factor of 11 and y.
11
Let r be (116/(-5))/(-3 - (-56)/20). Let d = 119 - r. What is the greatest common factor of d and 3?
3
Suppose 0 = 19*g - 6*g - 2535. Calculate the highest common divisor of 15 and g.
15
Let n(y) = y**3 + y**2 + y + 1. Let q be n(-1). Suppose b - 2*b + 2*k + 63 = q, -62 = -b + 3*k. What is the highest common factor of b and 26?
13
Let l = 862 + -833. Suppose 4*u - 580 = -0*u. Calculate the greatest common divisor of l and u.
29
Let g(f) = -f**2 - 4*f + 8. Let v be g(-6). Let m be (-147)/(-18) - v/(-24). Let o = m + -3. Calculate the greatest common factor of o and 25.
5
Let v be 1*-2 + (-17)/2*-4. Calculate the highest common factor of v and 2.
2
Let q(w) = w**2 + 8*w + 9. Let o be q(-6). Let r = 27 - o. Suppose 4*b + b - 58 = -2*d, -5*b - 4*d + 66 = 0. What is the highest common divisor of b and r?
10
Let t(z) = 5*z - 79. Let r be t(31). What is the greatest common divisor of 1026 and r?
38
Suppose 5*c - 66 = 259. What is the greatest common divisor of c and 15?
5
Suppose 2*u - 53 + 1 = 0. Let m be 3/9*(8 + 3 + -2). Suppose -m*w + 61 = -134. Calculate the greatest common factor of w and u.
13
Suppose -3*s - 3*y = y - 32, 4*y - 12 = 2*s. Suppose -87 - 13 = -2*d + 4*i, 3*i - 178 = -s*d. Let h = 42 - -27. What is the highest common divisor of h and d?
23
Suppose -19*z = 24*z - 1161. Calculate the greatest common factor of z and 45.
9
Suppose -4*r + 96 = 4*j, -2*r + 27 = 2*j - 7*r. Let c be 4 - 9 - -21 - 25/(-5). What is the highest common divisor of c and j?
21
Let j be 4/18 + (-21368)/(-72). Suppose 4*k - 116 = 3*v + 121, 0 = 5*k - 3*v - j. What is the greatest common factor of k and 12?
12
Suppose 0 = -2*y + k + 10 + 129, 2*k + 2 = 0. Suppose 3*r - 142 = 3*g - 7*g, -233 = -5*r - 3*g. What is the highest common factor of y and r?
23
Let p(m) = 62*m**2 - m + 1. Let b be p(2). Suppose -13*n + 152 = -95. What is the greatest common factor of n and b?
19
Let v = -13 + 15. Suppose c = v*c - 45. Let x = c + -28. Calculate the greatest common divisor of 136 and x.
17
Let p be (16/(-10))/((-4)/10). Suppose p*x + 2*q = 58, 5*x - 2*q - 74 = -5*q. Let f = 259 + -168. What is the highest common divisor of x and f?
13
Suppose 0 = -4*k - 0*k + 2*l + 232, -3*k - 2*l + 188 = 0. Let z = 94 - k. Calculate the greatest common factor of z and 17.
17
Suppose -76 = -9*q + 86. Calculate the greatest common factor of q and 342.
18
Let k be 2/10 + (-237)/(-15). Suppose -k = -2*n - 8. Suppose -n*o + 6 + 2 = 0. What is the greatest common factor of o and 2?
2
Let r(m) = -13*m**2 - 43*m - 18. Let l(p) = 7*p**2 + 22*p + 9. Let x(c) = -7*l(c) - 4*r(c). Let n be x(-7). Calculate the greatest common factor of 75 and n.
15
Let v = 728 - 598. Calculate the highest common divisor of v and 182.
26
Let y = 1 - -27. Let a = -31 + y. Let n be a - (-30 - -1 - -2). Calculate the highest common factor of n and 24.
24
Let t be 2*(-1 + 8 - 3). Let h = 7 + 192. Suppose -h = 5*g - o - 636, 0 = -g + 2*o + 82. What is the greatest common divisor of t and g?
8
Let h = -241 + 139. Let g = 132 + h. Let t be (2 - 2) + (2 - -4). Calculate the greatest common divisor of g and t.
6
Suppose 2*i - 5*d - 19 = 0, -5*i - 3*d = -d - 33. Let k = 10 + i. What is the greatest common divisor of k and 170?
17
Suppose -3*c - 2*f + 22 = 0, -2*f + 3*f - 7 = -c. Suppose 0 = 2*w + 12 + c. Let o = w - -22. Calculate the greatest common factor of o and 12.
12
Suppose 114 = 15*y - 13*y. Calculate the highest common divisor of 399 and y.
57
Let u = -158 - -165. What is the highest common factor of 4 and u?
1
Let k = 3 - -1. Suppose t - 318 = -k*f, 2*t - 7*t - 330 = -4*f. Let l(r) = 2*r + 24. Let g be l(-7). What is the greatest common factor of f and g?
10
Let r = 164 + -97. Suppose 3*o - 84 = -4*i - o, 2*i = 3*o + r. Calculate the highest common factor of i and 39.
13
Suppose -2*g + 7 + 10 = -5*c, 4*c + 7 = g. Calculate the highest common divisor of 44 and g.
11
Suppose -72 = -2*a + 4*f, 2*f - 56 = -62. Calculate the highest common factor of a and 48.
6
Let k(c) = c**2 + 5*c - 2. Let w be k(-9). What is the highest common factor of w and 374?
34
Let q be 0 - (20/(-15) + (-159)/9). What is the highest common divisor of q and 19?
19
Suppose 3*b + 5*m = -121, -5*m + 97 = -5*b - 118. Let w be 3/(-4) - b/24. Calculate the highest common divisor of 4 and w.
1
Let c be (-210)/(0 + 0 + -2). Suppose 357 = 2*d + c. What is the highest common factor of 36 and d?
18
Suppose v - 42 = 2*s, -2*s + 150 = v + 2*v. What is the highest common factor of 120 and v?
24
Let q(d) = d - 4. Let y be q(22). What is the greatest common divisor of 66 and y?
6
Suppose -5 = -11*z + 6*z. Suppose a - 3*u = -1, -a + 5*u - z = 4. Calculate the greatest common divisor of a and 40.
5
Let q be 2/(-16) - (-7076)/32. Let z be q - 1 - (6 + 30/(-3)). What is the highest common factor of 56 and z?
56
Suppose 29*y = 3574 - 1196. Calculate the highest common divisor of 6 and y.
2
Suppose 0 = -32*v + 28*v + 12. Let z(g) = -8*g**2 + 6*g - 1 + g**3 - 3 + 5*g. Let r be z(7). Calculate the greatest common divisor of v and r.
3
Suppose 2*m + 4*q + 2 = 18, 5*q - 15 = 0. Calculate the greatest common divisor of 80 and m.
2
Let k(g) = 4*g**2 + g. Let a be k(1). Suppose -2*o - 3*o = 0. Suppose 5*m + 2*x = o, 0 = -0*m - 4*m - 2*x - 2. What is the highest common divisor of m and a?
1
Let c(d) = d**3 + 10*d**2 + 8*d - 2. Let q be c(-9). Suppose 0 = -q*a + 2*a + 5*t + 480, -t = 4*a - 399. What is the highest common divisor of 11 and a?
11
Suppose -3*n - 2*d + 1320 = 0, 5*d = 5*n - 2841 + 666. Calculate the highest common factor of 6 and n.
6
Let z be ((-105)/(-12))/((-3)/36). Let b be z/10*1*-2. Let j(v) = v**3 + 7*v**2 + v - 23. Let y be j(-6). Calculate the highest common factor of b and y.
7
Suppose -3*i + 119 = -37. Suppose -n + 4*n = 2*k + 117, 156 = 4*n + 3*k. What is the highest common divisor of i and n?
13
Let l = 860 - 857. What is the highest common divisor of 327 and l?
3
Let r be ((-252)/16 - 1)/((-3)/12). Let m = r - 54. Calculate the highest common factor of 39 and m.
13
Suppose 0 = 320*q - 317*q - 21. Let v(s) = -s**3 + 7*s**2 + 2*s - 4. Let m be v(5). Calculate the highest common divisor of m and q.
7
Let u(d) be the second derivative of 5*d**4/12 + 4*d**3/3 + 7*d**2/2 + 5*d - 2. Let l be u(-2). What is the greatest common divisor of 11 and l?
11
Let n be (-1)/((-6)/(-4))*-3. Let q be (-340)/(-19) - 172/(-1634). What is the greatest common factor of n and q?
2
Let c = 37 + -19. Let d = -18 + c. Suppose d = 5*s - 9 - 1. What is the highest common factor of s and 6?
2
Let o(s) = 5*s**2 - 1. Let q be o(-1). Let l be ((-2)/q)/((-5)/10). Let k be -2 - 360/(-3 - l). Calculate the highest common divisor of 11 and k.
11
Let i = -31 + 45. Let y be 30/(-2)*(-12)/15. Let d be (-4)/y